base 7) to base 6.
-14322114
-284847 (base 10) to base 14
-75b43
What is 701d0 (base 15) in base 8?
1264753
101240202 (base 5) to base 6
12521312
Convert 6e149c (base 15) to base 16.
5067ae
What is 4731e (base 15) in base 16?
3760d
What is 11000202032 (base 4) in base 11?
817455
1245 (base 14) to base 13
15bc
11526706 (base 9) to base 13
122071b
What is 71d377 (base 14) in base 4?
32221120331
-732526 (base 8) to base 6
-5113050
341300220 (base 5) to base 7
15554454
What is 111000101000001011110 (base 2) in base 7?
21525601
-1150771 (base 8) to base 2
-1001101000111111001
Convert db55 (base 16) to base 8.
155525
Convert -2176565 (base 9) to base 2.
-100011110010011011000
-1041144 (base 8) to base 13
-9a094
-1000010111011011000110 (base 2) to base 14
-411338
What is 124834 (base 14) in base 8?
2311056
What is -641016 (base 7) in base 12?
-54156
What is -1211111213 (base 4) in base 10?
-415079
What is -2343300 (base 5) in base 13?
-16aac
What is -307472 (base 8) in base 10?
-102202
What is 301322123 (base 4) in base 7?
1511021
Convert 10001101110101110111 (base 2) to base 8.
2156567
-442802 (base 14) to base 6
-121315442
What is 3132306 (base 8) in base 13?
232038
-111001010111111101000 (base 2) to base 9
-3474833
Convert -6dd07 (base 15) to base 4.
-1111211131
-86497 (base 10) to base 9
-141577
-24131252 (base 7) to base 13
-5a0074
Convert -aca516 (base 13) to base 8.
-17435640
Convert 13063 (base 8) to base 16.
1633
Convert 171637 (base 9) to base 8.
317361
330813 (base 9) to base 8
601562
Convert 3034665 (base 8) to base 6.
25101141
Convert -5534758 (base 9) to base 14.
-5765db
-22120121022021 (base 3) to base 12
-163a144
Convert -301202203 (base 4) to base 11.
-1294a9
-1111123210 (base 4) to base 8
-1253344
What is ba216 (base 13) in base 11?
20a8a8
What is 102911 (base 12) in base 11?
163593
Convert 10110010100100101 (base 2) to base 9.
148367
What is -3316 (base 8) in base 7?
-5036
What is 96bc3 (base 13) in base 11?
1765aa
What is 2933811 (base 11) in base 12?
1831631
-2004491 (base 14) to base 12
-5069753
7690462 (base 10) to base 8
35254336
Convert 36644 (base 15) to base 2.
101010010111100011
What is 248975 (base 14) in base 16?
131f0b
Convert -17a3b (base 16) to base 5.
-11044302
Convert 615953 (base 12) to base 10.
1523727
Convert -571007 (base 13) to base 4.
-13312211210
5044020 (base 6) to base 10
239340
What is -50fe6 (base 16) in base 7?
-2551126
11200122220 (base 3) to base 7
533130
Convert -21111112022 (base 3) to base 13.
-52283
4020025 (base 7) to base 8
1640431
Convert -5ada (base 14) to base 3.
-210202212
Convert 230468 (base 9) to base 13.
4ab73
Convert 6c24 (base 16) to base 4.
12300210
What is 102031003 (base 4) in base 9?
123247
-11012424 (base 5) to base 6
-2010335
Convert 10210021210 (base 3) to base 13.
27c30
What is -35cd4 (base 15) in base 13?
-6018a
What is -340570 (base 9) in base 16?
-31c53
1303616 (base 8) to base 5
43044012
Convert -87878 (base 16) to base 9.
-1035438
What is -123102131 (base 4) in base 10?
-111773
Convert 324430 (base 5) to base 3.
120102022
What is 201403152 (base 6) in base 7?
41135321
What is 10001100110100001 (base 2) in base 16?
119a1
What is -3206463 (base 9) in base 4?
-12203032320
-21453a (base 13) to base 8
-2765035
What is 1561015 (base 8) in base 3?
211220202212
4403202024 (base 5) to base 10
9428389
What is c9f04 (base 16) in base 4?
3021330010
What is adbc (base 16) in base 13?
17323
What is -7062a (base 13) in base 15?
-3e837
52630 (base 7) to base 5
404011
Convert 1000010010101010 (base 2) to base 10.
33962
Convert 1101c22 (base 13) to base 4.
103312012303
Convert -176a27 (base 13) to base 6.
-20321313
What is -105343334 (base 7) in base 8?
-30357700
-2134310300 (base 5) to base 15
-60e16a
Convert -10434104 (base 5) to base 9.
-151545
Convert -10000010010110001001 (base 2) to base 11.
-335141
1102c46 (base 13) to base 16
4f6a66
-513155 (base 6) to base 16
-9fbf
What is 206135564 (base 7) in base 16?
bb1888
Convert 1110101001110000 (base 2) to base 15.
12bb1
-271ba (base 13) to base 10
-72823
Convert 23932 (base 13) to base 4.
33323323
110100201101 (base 3) to base 16
3b650
What is 25630513 (base 8) in base 9?
11668427
100200002010210 (base 3) to base 11
299a968
What is -140244 (base 9) in base 13?
-2cbb7
1339c (base 15) to base 11
42295
Convert -4b84cb (base 15) to base 6.
-205350402
Convert 5b69d (base 16) to base 12.
160825
Convert 1877700 (base 10) to base 3.
10112101201110
-75132 (base 8) to base 9
-46862
What is -b03c7 (base 14) in base 3?
-210111201020
What is 9128670 (base 11) in base 13?
3464062
What is -111110211 (base 5) in base 10?
-488181
-3487a5 (base 11) to base 4
-2013011233
What is 884312 (base 10) in base 9?
1587038
Convert 452514410 (base 6) to base 8.
37366346
Convert -221320300122 (base 4) to base 2.
-101001111000110000011010
Convert -44030001 (base 5) to base 14.
-9b4ba
-521524 (base 8) to base 6
-3412220
-63305 (base 11) to base 9
-150432
-3331010000 (base 4) to base 8
-3750400
Convert -70d01 (base 15) to base 2.
-1010111001110110101
What is -11301040012 (base 5) in base 15?
-11eec3c
-2c299 (base 16) to base 4
-230022121
3543251 (base 6) to base 2
101101000111001111
-142026202 (base 7) to base 9
-18445801
What is -424134232 (base 5) in base 12?
-722055
What is 203132300301 (base 4) in base 13?
1c08699
954281 (base 10) to base 2
11101000111110101001
What is 12121020111 (base 3) in base 5?
12012004
What is 710032 (base 9) in base 3?
210100001002
Convert 949377 (base 10) to base 13.
273180
What is 1343122223 (base 5) in base 13?
952146
What is -2adb2 (base 14) in base 8?
-320740
What is 867681 (base 9) in base 16?
7e52c
What is 4402303 (base 5) in base 3?
10211022221
What is -553785 (base 9) in base 11?
-206661
Convert -7f52 (base 16) to base 6.
-410522
-206bb0 (base 12) to base 2
-1111100011100110100
111a797 (base 13) to base 3
100212201120020
What is -10000010001001000010011 (base 2) in base 3?
-22000122202020
-41a15 (base 15) to base 4
-302310101
Convert -521047 (base 11) to base 5.
-203222134
Convert -101000011111000100 (base 2) to base 11.
-103653
Convert -113313020 (base 4) to base 11.
-67481
364087 (base 9) to base 3
102011002221
Convert 20b46 (base 13) to base 8.
163237
What is -11326035 (base 7) in base 9?
-1781613
201ab2 (base 13) to base 16
b647a
What is -60274 (base 13) in base 16?
-29f17
Convert 3658524 (base 9) to base 4.
13211101201
Convert 101011110111110011001 (base 2) to base 9.
2631005
Convert -10ca (base 13) to base 2.
-100100111011
Convert -686692 (base 11) to base 3.
-2001111021121
Convert -868 (base 11) to base 12.
-72a
68508 (base 11) to base 9
160848
What is -128830 (base 9) in base 13?
-29a72
What is 1010210201011 (base 3) in base 4?
2110001230
-5050101 (base 7) to base 16
-928ec
Convert -3003314 (base 7) to base 15.
-6edde
Convert 429647 (base 11) to base 13.
1b047b
What is -2300740 (base 8) in base 7?
-5203352
What is -43a6 (base 14) in base 13?
-543a
What is 1020112201200 (base 3) in base 2?
10100001001100110100
Convert -46b130 (base 12) to base 5.
-242421212
Convert -5c35b (base 13) to base 11.
-1065a0
What is -320313 (base 7) in base 9?
-83863
23013222 (base 4) to base 12
22436
Convert 1222032 (base 8) to base 4.
1102100122
-4883361 (base 9) to base 15
-3761a4
Convert 506006 (base 7) to base 16.
15053
Convert 21814 (base 9) to base 7.
60211
What is -23031252 (base 6) in base 8?
-2537060
What is 11000211221 (base 3) in base 14?
20cbd
What is -25c9ca (base 13) in base 15?
-1309b2
Convert 2216001 (base 9) to base 3.
2020120000001
Convert -13c502 (base 13) to base 4.
-1312031123
55868 (base 11) to base 2
10011110000000110
What is -10012210211220 (base 3) in base 7?
-20344350
-120300212113 (base 4) to base 7
-106111540
11154102 (base 6) to base 5
41414000
What is -388011 (base 10) in base 7?
-3204141
Convert 327b95 (base 12) to base 10.
801761
-204053 (base 7) to base 3
-1210001012
1012112122 (base 3) to base 4
11302223
What is 9b7436 (base 12) in base 7?
30040122
Convert 11003303 (base 4) to base 8.
50363
What is -682040a (base 12) in base 8?
-114062112
What is 300210130013 (base 4) in base 14?
1996007
What is 2156319 (base 12) in base 15?
8521d6
-2da7a (base 14) to base 3
-12211011102
Convert 100110101001010110001 (base 2) to b